uppose 5*g + 422680 = 2*o - 7*o, 0 = 4*o - 3*g + 338137. What is the units digit of o/(-212) - 3/4?
8
Suppose -m = 4*a + 3*m - 28, 19 = a + 5*m. Suppose 0 = a*h + 12. What is the units digit of (19/h)/(2/(-36))?
4
Suppose -4*k - 3443 = -3*p, 2*p - 3*k - 1133 - 1162 = 0. What is the thousands digit of p?
1
Suppose 0 = 1654*x - 1655*x + 6788. What is the hundreds digit of x?
7
Suppose 5*r = 4*d - 30759, 34*d - 5*r = 38*d - 30769. What is the hundreds digit of d?
6
Let f(d) = d**3 + 11*d**2 - 42*d. Let z be f(-14). Suppose -j - 6*j + 861 = z. What is the tens digit of j?
2
Suppose 14*b = 5*b + 86913. Suppose 8455 = 16*h - b. What is the units digit of h?
2
What is the tens digit of ((-20691)/(-165))/(1/45)?
4
Let z be 762/(-21) + (-6)/(-21). Let r be (-1052)/(-6)*z/(-24). Let m = r + -120. What is the hundreds digit of m?
1
Suppose d + 4*d = 4*n - 17, -d = -n + 4. Let q(z) = -90*z - 10. What is the tens digit of q(d)?
8
What is the units digit of (1 - (-4)/10)*(41 - 36) - -12732?
9
Let h be ((-32)/20)/(4/30)*35. Let a = h + 759. What is the units digit of a?
9
What is the hundreds digit of (-15 - -6 - -4583)*2?
1
Let m(h) = h**2 + 141*h - 349. What is the units digit of m(102)?
7
Let i = -80 - -115. Suppose q - 103 = -65. Suppose -q*a + 378 = -i*a. What is the hundreds digit of a?
1
Let a = -31348 + 45839. What is the units digit of a?
1
Suppose -189 - 71 = 5*b. Let i = -50 - b. Suppose -i*y = -91 - 33. What is the tens digit of y?
6
Let n(p) = 596*p + 283. What is the thousands digit of n(10)?
6
Let x(w) = w**3 + w**2 - 2*w + 2. Let c be x(-2). Suppose -c*z - 168 = 30. Let q = z - -151. What is the units digit of q?
2
Suppose -2*f - 3*q = -8391, -5*q - 9623 = -2*f - 1192. What is the thousands digit of f?
4
Let r(p) = 785*p**2 + 2*p + 35. What is the tens digit of r(-4)?
8
Let i be -5*((-12)/15 + -1). Let d(s) = 19*s - 8. What is the hundreds digit of d(i)?
1
Suppose 14 = i + 7. Suppose i*v = 3*v - 12. What is the tens digit of v/(-2) - 187/(-22)?
1
Let w be (-3)/(-3)*(2 - 2) - -4. Suppose -147 = a - w*a. Let m = 139 - a. What is the units digit of m?
0
Let g(b) = -b + 4. Let j be g(2). Suppose 6 - j = 4*p. What is the tens digit of (p - 4)*1 - -217?
1
Let v(u) = -u**2 - 12*u + 13. Let m be v(-13). Suppose m*x = 9*x - 2502. What is the hundreds digit of x?
2
Let o(d) = -2*d**3 - 142*d**2 + 64*d + 352. What is the thousands digit of o(-76)?
3
Let z(g) = -914*g + 6466. What is the thousands digit of z(-71)?
1
Let z = -241 - -285. Let u = z - -564. What is the hundreds digit of u?
6
Let d(l) = 46*l**3 + l**2 + 2*l - 1. Let b(k) = -45*k**3 - k**2 - k + 1. Let h(r) = 4*b(r) + 3*d(r). Let f = -7 - -6. What is the tens digit of h(f)?
4
Let c = -49 + 151. Suppose 0 = -8*s + 50 + c. What is the tens digit of s?
1
What is the tens digit of (-10777)/(-1) - (59 + -44)?
6
Let m(o) = 3*o - 24. Let h be m(12). Suppose -5*r + h*r + 210 = 0. What is the units digit of (r/(-18))/(1/78)?
0
Suppose 2*x = -25*u + 30*u + 7095, -17772 = -5*x + u. Suppose 422*k - 427*k = -x. What is the tens digit of k?
1
Suppose 16 = 4*m, -2*m - 3*m + 3136 = -4*y. Let t = y - -1587. What is the units digit of t?
8
Suppose 0 = -2*t + 1 + 5. Let g be 658/7 - (t - 1). Suppose -k - 3*z + g = -7*z, -k - 2*z + 98 = 0. What is the tens digit of k?
9
Let n be 5 - (-248360)/63 - (-6)/(-27). Let h = n - 2725. What is the tens digit of h?
2
Suppose -1 = q + 3*s, -3*s = 2*s. Let u(d) = -1108*d**3 + d**2 + 2*d. What is the thousands digit of u(q)?
1
Let w be (-1)/((-1050)/(-266) - (-1 - -5)). Suppose -75 = 18*j - w*j. Suppose -5*k - q + j = 4*q, 0 = 4*k - q - 85. What is the tens digit of k?
2
Suppose 2*y - 92 = 4*t, -t - 18 = 4*y + 5. Let v = t + 74. Let l = v + 27. What is the units digit of l?
8
Suppose 1630 = j - s, -2*j - s + 3285 = 2*s. Let m = -405 + j. What is the tens digit of m?
3
Let w = -342 - -388. Suppose 45*b = w*b - 482. What is the units digit of b?
2
Let t = 98297 - 55388. What is the tens digit of t?
0
Let y(h) = 5 - 12*h + 14*h**2 + 29 - 11. What is the units digit of y(7)?
5
Let g(k) = 14*k + 12. Suppose -w - 4*r + 1 - 13 = 0, 10 = -5*r. Let n be (-3)/(4/(-64)*w*-3). What is the tens digit of g(n)?
6
Let i(g) be the first derivative of 3*g**4/4 + 5*g**3/6 - 3*g**2/2 - 12*g + 3. Let h(p) be the first derivative of i(p). What is the tens digit of h(-3)?
6
Let u(k) be the third derivative of -1/24*k**4 + 0*k - 5/3*k**3 - 1/120*k**6 + 0 - 11*k**2 - 1/10*k**5. What is the tens digit of u(-7)?
4
Let c(u) = 4764*u - 2975. What is the hundreds digit of c(7)?
3
Suppose 61*z = 64*z - 5739. What is the units digit of z?
3
Suppose -5*j = 333 + 167. Let d(c) = c**3 - 54*c**2 + 108*c - 65. Let q be d(52). Let x = q + j. What is the units digit of x?
3
Let q(x) = 3705*x**2 - x - 22. What is the tens digit of q(3)?
2
What is the units digit of (-428)/(-4) + 6*(-6 + 5)?
1
Let o = 96 - 94. Suppose 0 = -0*d - o*d + 10. Suppose 660 = 5*q + 5*u, -d*u + 122 = q - 9*u. What is the units digit of q?
0
Let o(q) = 41*q - 3. Let d(j) = -8*j - 3*j + 9*j + 23*j - 2. Let b(p) = 13*d(p) - 6*o(p). What is the tens digit of b(10)?
6
Let d be (4/(-5))/(1/15). Let p(n) = 2*n**2 + 9*n + 17. What is the hundreds digit of p(d)?
1
Let z = 214 - 207. Suppose 5*t - z*t - 1372 = -2*d, -t = 3. What is the tens digit of d?
8
Let w(z) = -z**3 - 7*z**2 + 4*z + 9. Let y be w(-7). Let s(t) = t**3 + 18*t**2 - 6*t - 36. Let r be s(y). Let x = 437 + r. What is the hundreds digit of x?
1
Suppose 3*j + 33727 = -4*m + 272270, 0 = 5*j - 3*m - 397562. What is the tens digit of j?
1
Let a = -34 - -107. Let x = a + -66. Suppose x*u - 3180 = -13*u. What is the tens digit of u?
5
Let z be (-5)/(30/18) + 2. Let r(y) = 89*y**2 + 14*y + 13. What is the tens digit of r(z)?
8
Suppose -w + 55 = -5*q, 0 = 4*w - q - 179 - 98. Suppose -64*i + w*i = 588. What is the tens digit of i?
9
Suppose -38207 - 59085 = -52*v. What is the tens digit of v?
7
Let j(t) be the second derivative of 29*t**3/6 - 7*t**2 + 79*t. What is the tens digit of j(6)?
6
Let m = 72056 - 48534. What is the tens digit of m?
2
Let i be (-7 - -5)*5/1. What is the tens digit of ((-2)/(16/12))/(i/2980)?
4
Let c = 494 + 695. Suppose -10*f = -1721 - c. What is the hundreds digit of f?
2
Let t = -36 - -47. Let h(o) = 4*o + 10. Let k be h(t). What is the tens digit of (k/4)/(54/144)?
3
Suppose -l + 5*k + 20 = 0, -7*l + 4*k = -5*l - 16. Suppose 13*n - 9*n - 88 = l. What is the tens digit of n?
2
What is the thousands digit of (155/(-45) + 3)/(-1*14/264663)?
8
Suppose 22 = -3*o - 5*u, 0*o - 5*u + 10 = -5*o. Let n(m) = -96*m - 58. What is the units digit of n(o)?
6
Suppose c + 1367 = 2*u, 43*u - 45*u - 2*c = -1364. What is the hundreds digit of u?
6
Let r = 518 - 513. Let b be (2/4)/((-2)/(-12)). Suppose r*a - 18 + b = 0. What is the units digit of a?
3
Let f = -169 + 223. Let n = f + 69. What is the hundreds digit of n?
1
Let u be 3 + 4 + -13 + -3. Let c be 2 - ((-1)/2)/(u/(-18)). What is the tens digit of (c/2 - 1)*(40 + 6)?
2
What is the units digit of 22910 - (1/14*102 + 42/(-147))?
3
Let l(n) = n**3 + 48*n**2 - 47*n + 100. Let q be l(-49). Suppose 2752 = 2*i - 3*u, -596 = -q*i + 4*u + 2152. What is the tens digit of i?
8
Let a = -51 - -50. Let h be -4 + (a - (-14)/1) - -3. Suppose 0 = -h*b + 15*b - 708. What is the hundreds digit of b?
2
Suppose l + 102 - 10 = v, 0 = l + 2. Let y = 1292 + -1350. Let k = v + y. What is the units digit of k?
2
Suppose 10*k = 5 - 5. Suppose k = -2*t + 2*x + 2*x - 2, 3*t = -4*x + 37. Suppose 0 = -t*o + 195 + 540. What is the units digit of o?
5
Suppose 4*f + 3*y - y - 6 = 0, 0 = 3*f + 5*y + 13. Suppose -g + 19 = f. Let o = g - -3. What is the tens digit of o?
1
Let d(f) = 490*f - 406*f - 8 - 362*f. What is the hundreds digit of d(-3)?
8
Let q be 0/(106/22 + (-8)/(-44)). What is the thousands digit of 8485*(16/(-80))/(-1 - q)?
1
Let t(j) = -470*j**3 + 4*j**2 - 51*j - 216. What is the units digit of t(-5)?
9
Let u = -46926 - -105367. What is the ten thousands digit of u?
5
Let n(t) = -214*t - 76. Let k(b) = b**2 - 19*b - 9. Let m be k(19). What is the tens digit of n(m)?
5
Suppose 2*f - 35982 = 3*j, 2*j - 12665 = -7*f + 113272. What is the thousands digit of f?
7
Suppose 2*m - 3*l + 5 = 0, -3*l = -m + l - 10. Suppose m*x = -5*x + 1358. Let a = x - 1